Is i(3) a multiple of 17?
False
Let r(j) = 9*j. Let l be r(3). Is 2/(-9) + 330/l a multiple of 12?
True
Let b(v) = -v - 2. Let g be b(8). Let q(t) = t**3 + 10*t**2 - 6*t. Is 10 a factor of q(g)?
True
Let c(b) = -b**3 - 5*b**2 + 4*b - 3. Let r be c(-4). Let v(z) = 6*z**2 + z - 4. Let f be v(3). Let d = f + r. Is 18 a factor of d?
True
Let d(y) = 2*y**2 - 7*y + 7. Let g be d(5). Let b be (2 - -3)*(0 + -3). Let a = b + g. Does 4 divide a?
False
Suppose -3*s + 2*s = -3*x - 13, s - 5*x = 19. Suppose s*t - 144 = t. Does 16 divide t?
True
Is 21 a factor of (27/(-5) + -3)*-5?
True
Does 7 divide (-3)/(-4) - 865/(-20)?
False
Let h = -8 - -9. Let i be 3 + -14*(h - 4). Let q = 76 - i. Is q a multiple of 24?
False
Let i(h) = -7*h. Does 14 divide i(-6)?
True
Let w = -80 - -175. Suppose -2*x - w = -7*x. Is x a multiple of 14?
False
Suppose 0 = 3*d - 0*b - b + 43, 0 = 4*d - 4*b + 52. Suppose 21 = 3*a - 72. Let x = a + d. Is 9 a factor of x?
False
Let y be 1 - 2 - (6 - -21). Let r = y - 23. Is 13 a factor of (r/(-6) + -2)*2?
True
Let r(h) = -h**2 + 7*h - 6. Let a be r(5). Let m = a + -13. Let i = m + 31. Does 11 divide i?
True
Suppose -15 = -3*w + 3*p, -4*w - 5*p - 1 - 6 = 0. Suppose 5*f = 4*m + 144, -176 = -3*f - w*f - 4*m. Does 8 divide (-1 - f)*(-1)/3?
False
Suppose -3*u = -0 - 9. Suppose -35 = -u*s + 37. Is s a multiple of 12?
True
Suppose 8 = -4*x + 36. Does 7 divide x?
True
Let w(t) = -t + 10. Is 8 a factor of w(-14)?
True
Suppose 0 = 3*m + 2*m. Let u(r) = r**3 + 5*r**2 - 8*r - 5. Let f be u(-6). Suppose q - 13 - f = m. Does 13 divide q?
False
Let j = 12 - 0. Does 7 divide 176/6 + (-4)/j?
False
Let z be (4/12)/(2/18). Suppose 5*u + z = -22, 13 = c - u. Is c a multiple of 8?
True
Suppose 31 + 79 = 2*c. Suppose -14 = m + 4*i, 0 = 5*m - 5*i - c. Suppose -n - 140 = -m*n. Is n a multiple of 14?
True
Let a(c) = 3*c - 2. Let f(x) = 4*x - 2. Let g(p) = -5*a(p) + 4*f(p). Let r be g(6). Suppose -25 - r = -2*h + 3*t, 0 = -2*t - 10. Is h a multiple of 9?
True
Let b(m) = -2*m + 6. Let f be b(6). Is f/(-4) + (-243)/(-6) a multiple of 11?
False
Suppose -4*w - 31 = -c, 3*c - 174 = -2*c + w. Is 5 a factor of c?
True
Suppose 0 = j - 0 - 5. Suppose 7*p - 3*p - 4 = -3*u, -65 = -j*u + 5*p. Is u a multiple of 8?
True
Let s(d) be the first derivative of 2*d**3/3 + d**2/2 + 2. Is 3 a factor of s(-2)?
True
Suppose -433 = -4*k - u, 4*k - 5*k + 112 = -u. Is k a multiple of 23?
False
Suppose 3*k - 192 = -k. Is 8 a factor of k?
True
Suppose 5*v - 295 = -0*v. Is v a multiple of 7?
False
Suppose -4*l + 171 = 5*j, 2*j - 38 = 4*l + 8. Let f = -45 + 23. Let q = j + f. Is 9 a factor of q?
True
Suppose -5*l = 9 - 24. Suppose -3*m + 6*m = l. Does 10 divide 0/(0 - m) - -26?
False
Let c be 292/6 - 2/3. Suppose 5*a - 82 = c. Is 13 a factor of a?
True
Let y(l) be the second derivative of l**5/20 + 3*l**4/4 + 3*l**3/2 - 3*l**2/2 - 4*l. Is y(-7) a multiple of 9?
False
Let j be (-13)/(-3) - (-6)/(-18). Suppose j*c = -3*n + 2*c + 10, 2*c = -n + 2. Does 4 divide n?
True
Suppose -4 = -2*m + 4. Suppose m*c + 3 + 11 = l, -4*c - 10 = l. Does 18 divide (l/4)/(7/910)?
False
Let g = -2 - -6. Suppose -3*h = -4*z - 6*h + 244, 2*z = g*h + 122. Let w = z - 17. Does 15 divide w?
False
Suppose 3*c - 18 - 37 = -5*k, 25 = 5*c - 5*k. Suppose 5*y = m + 18, 2*y = -6*m + 5*m + c. Suppose -m*x + 0*x + 10 = 0. Is 5 a factor of x?
True
Suppose -x = -2*x + 166. Suppose 2*w = x + 70. Let m = w - 76. Does 17 divide m?
False
Let j(u) = -u + 9. Let o be j(4). Let m = o + 16. Is 21 a factor of m?
True
Let d(m) = -3*m**2 - 4*m + 1. Let f be d(-3). Suppose -2*z - 214 = v - 0*v, 2*v + 536 = -5*z. Is z/f + (-10)/(-35) a multiple of 4?
True
Let r be 18/12*8/6. Let w be 4 + 33 + -1 + r. Let a = w - 24. Is a a multiple of 5?
False
Let x(i) be the third derivative of -i**7/840 - i**6/720 + i**5/60 + 2*i**2. Let z(t) be the third derivative of x(t). Is z(-2) a multiple of 11?
True
Suppose -4*w + 7*w = 18. Is 6/w*(17 - 0) a multiple of 10?
False
Let b(r) be the first derivative of -r**4/4 + 8*r**3/3 - 4*r**2 + 7*r - 1. Is 14 a factor of b(5)?
True
Let h = -4 - -4. Let z(x) = x + 30. Let m be z(h). Let s = 47 - m. Is s a multiple of 15?
False
Suppose -4*p = -p - 39. Does 8 divide p?
False
Let d(q) = 2*q**2 + 14. Let g be d(-6). Does 12 divide g/7 - 12/42?
True
Let y = -1017 - -1491. Does 25 divide y?
False
Let s(t) = -52*t. Suppose 5*z + 4 = z. Is s(z) a multiple of 11?
False
Let m be (279/18)/((-2)/12). Is 24 a factor of (-1 - m) + -1 + 4?
False
Let s = 45 - 32. Suppose s - 4 = 3*h. Suppose -h*q + 3 = -2*f - 19, -3*q = 2*f - 38. Is 4 a factor of q?
False
Suppose -5*q - 3759 = 5*h - 674, -605 = q + 5*h. Does 13 divide (1/2)/((-10)/q)?
False
Let n = -4 + 9. Let a be (3 - 3)/(-1 + -1). Suppose -v + n*v - 32 = a. Is v a multiple of 6?
False
Let y be (0 + 0)*(-1)/(-2). Let l be y + (1 - (-18)/(-2)). Let p(k) = -4*k - 6. Does 13 divide p(l)?
True
Suppose 3*o - 8 - 1 = 0. Suppose -o*x + 4*r + 82 = 0, 0*r + 1 = -r. Is x a multiple of 17?
False
Suppose 20 = -6*p + 7*p. Is 4 a factor of p?
True
Let a be 4/(-2)*(-1 - 0). Suppose -a = -2*r - 12. Does 11 divide 2/r - 708/(-20)?
False
Suppose 46 + 5 = t. Suppose 0*k = 3*k - t. Suppose -101 + k = -4*x. Does 13 divide x?
False
Suppose -6 = 4*t - 6*t. Suppose 2*z = t*z - 28. Does 24 divide z?
False
Suppose v + 2*q = 22, 6*v = v + q + 88. Does 6 divide v?
True
Let j be 12/5 - 2/5. Suppose -j*h - 20 = 3*h. Is 73/5 - h/10 a multiple of 12?
False
Let p(i) = i**2 - 2*i - 11. Is 15 a factor of p(-5)?
False
Is 3 + -5 + 3 - -25 a multiple of 4?
False
Suppose 3*g - g + 17 = -5*p, 0 = p - 2*g + 13. Let s(k) be the first derivative of -k**4/4 - 5*k**3/3 - 2*k**2 + 6*k + 1. Is 13 a factor of s(p)?
True
Suppose -4*q = -5*v - 1, -3*q + 8*q + 8 = -3*v. Let f = -7 - v. Is 15 a factor of f/21 - 340/(-14)?
False
Suppose 2*b - 59 = 181. Suppose -3*w + 7*w = b. Is w a multiple of 28?
False
Let q(f) = 9*f + 4. Suppose 2*g = -0*g + 8. Is 20 a factor of q(g)?
True
Let m = -2 + 6. Suppose 5*u + 32 = m*z, 5*u = -3*z + 3 - 14. Is ((-3)/u)/((-2)/(-16)) a multiple of 3?
True
Let n = 5 + 0. Let m = n + 40. Is 11 a factor of m?
False
Is 49 a factor of 2 - (-4 - (138 - -3))?
True
Suppose -3 - 12 = -3*f, d = -f + 74. Suppose -3*b = -4*b + 3. Suppose -v = h - 18, -b*v + 2*v + d = 4*h. Is 11 a factor of h?
False
Let y = 3 - -17. Does 10 divide y?
True
Let m(s) = 40*s + 3. Is m(2) a multiple of 30?
False
Let h be 2 + -7 - (1 + -3). Let t = 9 + h. Does 5 divide t?
False
Suppose 0 = l + 7*l - 32. Let p(g) = -4*g**3 + g**2 - 11*g - 2. Let w(y) = 5*y**3 - 2*y**2 + 12*y + 3. Let c(d) = -6*p(d) - 5*w(d). Is 7 a factor of c(l)?
True
Let b = 15 + -21. Let p(d) = -d**3 - 7*d**2 - 10*d + 2. Does 13 divide p(b)?
True
Let h = 57 + -33. Suppose 4*a - h = 28. Is a a multiple of 13?
True
Let z(c) = c**3 + 8*c**2 + 6*c + 1. Let v be z(-7). Suppose -5*m = 0, -2*t = -m - 18 - v. Does 13 divide t?
True
Let y = -4 - -4. Suppose 2*m - 1 - 3 = y. Suppose m*j = -j + 78. Is j a multiple of 12?
False
Suppose 6*p - 6 = 4*p. Suppose -p*r = -2*d + 91, d = -d - 3*r + 61. Is d a multiple of 16?
False
Suppose 2*q = u - 15 - 46, 4*q + 2*u = -134. Let i be q/(-10)*120/16. Suppose m - 4*p - i = 0, -4*m - 6 + 22 = 4*p. Does 7 divide m?
False
Suppose 4*c - 26 = -2*i, 2*i - 11 - 5 = -2*c. Suppose m - 12 = -i*m. Does 3 divide m?
True
Let v = -257 - -377. Does 15 divide v?
True
Does 10 divide (-2)/((-34)/(-18) - 2)?
False
Suppose 4*h - 325 = -5*s, -4*s + 8*h - 3*h = -260. Is 13 a factor of s?
True
Suppose 5*p - 3*q - 395 = 0, 4*p + 0*p + 3*q = 289. Let b = -16 + p. Suppose 4*y + 2*z = -z + 73, -3*y + b = 4*z. Does 8 divide y?
True
Let d(l) = l + 6. Let n be d(14). Is 655/n + 6/(-8) a multiple of 8?
True
Let d(z) be the first derivative of z**2 + z - 3. Is d(5) a multiple of 4?
False
Suppose 0*u - 103 = -5*u + 3*q, -2*q = -u + 22. Is 10 a factor of u?
True
Let k(x) = x**2 - 5*x + 8. Let c(h) = 9*h**3 - 2*h**2 + 1. Let r(p) = -p**2 - 7*p + 1. Let u be r(-7). Let o be c(u). Is k(o) a multiple of 15?
False
Suppose z = -5*q + 45, 3*q = z - 2*q - 35. Is 10 a factor of z?
True
Suppose 4*f + 256 = 8*f. Suppose 3*q = q + f. Is 7 a factor of q?
False
Let f(m) = -m**3 + 5*m**2 + 6*m + 5. Let k be f(6). Suppose k*v = 3*v + 64. Is 16 a factor of v?
True
Let w(d) = 4*d + 24. Is 11 a f